{"id":1286,"date":"2024-01-10T02:18:33","date_gmt":"2024-01-10T02:18:33","guid":{"rendered":"https:\/\/luyabadesarrollos.com\/soldeluyaba\/?page_id=1286"},"modified":"2024-02-29T16:10:12","modified_gmt":"2024-02-29T16:10:12","slug":"caracteristicas","status":"publish","type":"page","link":"https:\/\/luyabadesarrollos.com\/soldeluyaba\/caracteristicas\/","title":{"rendered":"Nuestra Tierra"},"content":{"rendered":"\n<div class=\"section-wrapper\" data-id=\"LK8DBz\"><section class=\"wp-block-gutenverse-section guten-element guten-section guten-LK8DBz layout-boxed align-stretch\"><div class=\"guten-background-overlay\"><\/div><div class=\"guten-shape-divider guten-shape-divider-top\"><\/div><div class=\"guten-shape-divider guten-shape-divider-bottom\"><\/div><div class=\"guten-container guten-column-gap-default\">\n<div class=\"wp-block-gutenverse-column guten-element guten-column guten-7WLRAs\"><div class=\"guten-background-overlay\"><\/div><div class=\"sticky-wrapper\" data-id=\"7WLRAs\"><div class=\"guten-column-wrapper\">\n<p class=\"has-small-font-size\">Sol de Luyaba prioriza la importancia de sentirse en un entorno que se adapte a tu estilo de vida. Un lugar pensado en funci\u00f3n de las prioridades de vivir en armon\u00eda con la naturaleza.<\/p>\n\n\n\n<p class=\"has-small-font-size\">Sum\u00e9rgete en la naturaleza con nuestras amplias chacras de 5000m2 o 10000m2, que contribuyen a reactivar la biodiversidad de la zona. Presentamos un nuevo enfoque de vida, Sol de Luyaba ofrece un lugar extraordinario para vivir en perfecta armon\u00eda con la naturaleza.<\/p>\n\n\n\n<p class=\"has-small-font-size\">En cuanto a las actividades recreativas, la zona ofrece opciones como ciclismo, trekking o senderismo con ascensos al cerro Champaqu\u00ed. Tambi\u00e9n se pueden disfrutar actividades como mountain bike o cabalgatas. Para los aficionados a la fotograf\u00eda, existe la posibilidad de realizar avistamiento de aves y safaris fotogr\u00e1ficos. Adem\u00e1s, quienes est\u00e9n interesados en el turismo cient\u00edfico pueden participar en observaciones astron\u00f3micas.<\/p>\n<\/div><\/div><\/div>\n<\/div><\/section><\/div>\n\n\n\n<div class=\"section-wrapper\" data-id=\"4Y82EP\"><section class=\"wp-block-gutenverse-section guten-element guten-section guten-4Y82EP layout-boxed align-stretch\"><div class=\"guten-background-overlay\"><\/div><div class=\"guten-shape-divider guten-shape-divider-top\"><\/div><div class=\"guten-shape-divider guten-shape-divider-bottom\"><\/div><div class=\"guten-container guten-column-gap-default\">\n<div class=\"wp-block-gutenverse-column guten-element guten-column guten-b43XHd\"><div class=\"guten-background-overlay\"><\/div><div class=\"sticky-wrapper\" data-id=\"b43XHd\"><div class=\"guten-column-wrapper\">\n<h4 class=\"wp-block-gutenverse-heading guten-element guten-UNconh\">UBICACI\u00d3N<\/h4>\n\n\n\n<p>Departamento San Javier, C\u00f3rdoba, Argentina.<\/p>\n\n\n\n<p>A 209 km de la ciudad de C\u00f3rdoba, a 37 km de Villa Dolores y a 34 km de Merlo.<\/p>\n\n\n\n<p>A4 km de Ruta 148 y 6 km de Ruta14.<\/p>\n\n\n\n<p>A 31.7 km de Aeropuerto Internacional Valle de Conlara, Provincia de San Luis.<\/p>\n\n\n\n<div class=\"guten-element guten-button-wrapper guten-6cilsr\"><a class=\"guten-button guten-button-xs\" href=\"https:\/\/maps.app.goo.gl\/pCsp5ojXwippcgEt8\" target=\"_blank\" rel=\"noreferrer noopener\"><span>VER EN GOOGLE MAPS<\/span><\/a><\/div>\n<\/div><\/div><\/div>\n\n\n\n<div class=\"wp-block-gutenverse-column guten-element guten-column guten-0n2ztI\"><div class=\"guten-background-overlay\"><\/div><div class=\"sticky-wrapper\" data-id=\"0n2ztI\"><div class=\"guten-column-wrapper\">\n<div class=\"wp-block-gutenverse-image guten-element guten-image guten-bLMn5U\"><a class=\"guten-image-wrapper\" href=\"https:\/\/maps.app.goo.gl\/pCsp5ojXwippcgEt8\" target=\"_blank\" rel=\"noreferrer noopener\"><img loading=\"lazy\" decoding=\"async\" class=\"gutenverse-image-box-filled\" src=\"https:\/\/luyabadesarrollos.com\/soldeluyaba\/wp-content\/uploads\/sites\/5\/2024\/01\/G-maps-captura.png\" height=\"346\" width=\"602\"\/><\/a><\/div>\n<\/div><\/div><\/div>\n<\/div><\/section><\/div>\n\n\n\n<div class=\"section-wrapper\" data-id=\"pLGLXd\"><section class=\"wp-block-gutenverse-section guten-element guten-section guten-pLGLXd layout-boxed align-stretch\"><div class=\"guten-background-overlay\"><\/div><div class=\"guten-shape-divider guten-shape-divider-top\"><\/div><div class=\"guten-shape-divider guten-shape-divider-bottom\"><\/div><div class=\"guten-container guten-column-gap-default\">\n<div class=\"wp-block-gutenverse-column guten-element guten-column guten-oy7sbR\"><div class=\"guten-background-overlay\"><\/div><div class=\"sticky-wrapper\" data-id=\"oy7sbR\"><div class=\"guten-column-wrapper\">\n<h4 class=\"wp-block-gutenverse-heading guten-element guten-id8FSS\">CLIMA<\/h4>\n\n\n\n<p>Regi\u00f3n bendecida por un microclima seco y pl\u00e1cido que nos permite disfrutar de temperaturas moderadas durante todo el a\u00f1o. Veranos templados, oto\u00f1os luminosos, inviernos apacibles y primaveras estimulantes.<\/p>\n\n\n\n<p>Valle de tierras f\u00e9rtiles que nos regala vi\u00f1edos, huertas y frutales org\u00e1nicos de aromas, sabores y colores palpitantes, que despiertan nuestros sentidos.<\/p>\n\n\n\n<p>Rinc\u00f3n del planeta perfecto para concretar un proyecto sustentable, en armon\u00eda con una naturaleza excepcional.<\/p>\n<\/div><\/div><\/div>\n\n\n\n<div class=\"wp-block-gutenverse-column guten-element guten-column guten-B2pgjq\"><div class=\"guten-background-overlay\"><\/div><div class=\"sticky-wrapper\" data-id=\"B2pgjq\"><div class=\"guten-column-wrapper\">\n<div class=\"wp-block-gutenverse-image guten-element guten-image guten-Yq8f93\"><a class=\"guten-image-wrapper\"><img loading=\"lazy\" decoding=\"async\" class=\"gutenverse-image-box-filled\" src=\"https:\/\/luyabadesarrollos.com\/soldeluyaba\/wp-content\/uploads\/sites\/5\/2024\/02\/Atardecer-trasalsierra-chico.jpg\" height=\"346\" width=\"605\"\/><\/a><\/div>\n<\/div><\/div><\/div>\n<\/div><\/section><\/div>\n\n\n\n<div class=\"section-wrapper\" data-id=\"yiiU7S\"><section class=\"wp-block-gutenverse-section guten-element guten-section guten-yiiU7S layout-boxed align-stretch\"><div class=\"guten-background-overlay\"><\/div><div class=\"guten-shape-divider guten-shape-divider-top\"><\/div><div class=\"guten-shape-divider guten-shape-divider-bottom\"><\/div><div class=\"guten-container guten-column-gap-default\">\n<div class=\"wp-block-gutenverse-column guten-element guten-column guten-xSya70\"><div class=\"guten-background-overlay\"><\/div><div class=\"sticky-wrapper\" data-id=\"xSya70\"><div class=\"guten-column-wrapper\">\n<h4 class=\"wp-block-gutenverse-heading guten-element guten-4ZFdCh\">SUELO<\/h4>\n\n\n\n<p>35 hect\u00e1reas de bosque natural en un valle protegido por la Sierra Cordobesa, al pie del Cerro Champaqu\u00ed.<\/p>\n\n\n\n<p>Bosque nativo y aut\u00f3ctono. Algarrobos y otras especies. <\/p>\n\n\n\n<p>Zona perfecta para vi\u00f1edos de alta calidad, frutales, plantas medicinales y otras especies.<\/p>\n\n\n\n<p>Terreno nivelado. Suelo franco arenoso, blando, f\u00e1cil de arar.<\/p>\n<\/div><\/div><\/div>\n\n\n\n<div class=\"wp-block-gutenverse-column guten-element guten-column guten-hOvAXU\"><div class=\"guten-background-overlay\"><\/div><div class=\"sticky-wrapper\" data-id=\"hOvAXU\"><div class=\"guten-column-wrapper\">\n<div class=\"wp-block-gutenverse-image guten-element guten-image guten-xHkpD0\"><a class=\"guten-image-wrapper\"><img loading=\"lazy\" decoding=\"async\" class=\"gutenverse-image-box-filled\" src=\"https:\/\/luyabadesarrollos.com\/soldeluyaba\/wp-content\/uploads\/sites\/5\/2024\/01\/Luyaba-1-chica.jpg\" height=\"346\" width=\"602\"\/><\/a><\/div>\n<\/div><\/div><\/div>\n<\/div><\/section><\/div>\n\n\n\n<div class=\"section-wrapper\" data-id=\"viFDMJ\"><section class=\"wp-block-gutenverse-section guten-element guten-section guten-viFDMJ layout-boxed align-stretch\"><div class=\"guten-background-overlay\"><\/div><div class=\"guten-shape-divider guten-shape-divider-top\"><\/div><div class=\"guten-shape-divider guten-shape-divider-bottom\"><\/div><div class=\"guten-container guten-column-gap-default\">\n<div class=\"wp-block-gutenverse-column guten-element guten-column guten-Qx28Sv\"><div class=\"guten-background-overlay\"><\/div><div class=\"sticky-wrapper\" data-id=\"Qx28Sv\"><div class=\"guten-column-wrapper\">\n<h4 class=\"wp-block-gutenverse-heading guten-element guten-H8Afaq\">AGUA<\/h4>\n\n\n\n<p>Asentado sobre un acu\u00edfero inagotable.<\/p>\n\n\n\n<p>Nivel fre\u00e1tico del agua subterr\u00e1nea 35 metros. Caudal de agua aproximado para un pozo de 4 pulgadas y 50 metros de profundidad: 10.000 litros\/hora.<\/p>\n\n\n\n<p>Agua de excelente calidad. Informe bacteriol\u00f3gico, f\u00edsico qu\u00edmico.<\/p>\n<\/div><\/div><\/div>\n\n\n\n<div class=\"wp-block-gutenverse-column guten-element guten-column guten-q7aYX0\"><div class=\"guten-background-overlay\"><\/div><div class=\"sticky-wrapper\" data-id=\"q7aYX0\"><div class=\"guten-column-wrapper\">\n<div class=\"wp-block-gutenverse-image guten-element guten-image guten-kGGtZd\"><a class=\"guten-image-wrapper\"><img loading=\"lazy\" decoding=\"async\" class=\"gutenverse-image-box-filled\" src=\"https:\/\/luyabadesarrollos.com\/soldeluyaba\/wp-content\/uploads\/sites\/5\/2024\/02\/sea-river-lake-water-desaturada-e1707411014389.jpg\" height=\"250\" width=\"444\"\/><\/a><\/div>\n<\/div><\/div><\/div>\n<\/div><\/section><\/div>\n\n\n\n<div class=\"section-wrapper\" data-id=\"oiHNSx\"><section class=\"wp-block-gutenverse-section guten-element guten-section guten-oiHNSx layout-boxed align-stretch\"><div class=\"guten-background-overlay\"><\/div><div class=\"guten-shape-divider guten-shape-divider-top\"><\/div><div class=\"guten-shape-divider guten-shape-divider-bottom\"><\/div><div class=\"guten-container guten-column-gap-default\">\n<div class=\"wp-block-gutenverse-column guten-element guten-column guten-Ujw5QM\"><div class=\"guten-background-overlay\"><\/div><div class=\"sticky-wrapper\" data-id=\"Ujw5QM\"><div class=\"guten-column-wrapper\">\n<h4 class=\"wp-block-gutenverse-heading guten-element guten-psGCVq\">CHACRAS<\/h4>\n\n\n\n<p>Chacras de 1 hect\u00e1rea o 1\/2 hect\u00e1rea. Presentaci\u00f3n de planos en el municipio.<\/p>\n\n\n\n<p>Entrada principal, caminos de acceso, rotonda y amojonamiento.<\/p>\n\n\n\n<p>Perforaci\u00f3n de pozo para agua, colocaci\u00f3n de bomba solar, instalaci\u00f3n de paneles solares y tanques de almacenamiento, zanjeado, colocaci\u00f3n de mangueras y exclusas para cada lote.<\/p>\n\n\n\n<div class=\"guten-element guten-buttons horizontal guten-RJl2Og\">\n<div class=\"guten-element guten-button-wrapper guten-4Btezz\"><a class=\"guten-button guten-button-xs\" href=\"chacras\/\"><span>M\u00c1S SOBRE CHACRAS<\/span><\/a><\/div>\n\n\n\n<div class=\"guten-element guten-button-wrapper guten-5fYugX\"><a class=\"guten-button guten-button-xs\" href=\"https:\/\/earth.google.com\/web\/@-32.1074615,-65.124529,599.54642377a,1778.83946928d,30y,0h,0t,0r\/data=MigKJgokCiAxWnBKd0tqYWVXRUUxYktmNUpIazltWnBfMkwtS3pvQSAC\" target=\"_blank\" rel=\"noreferrer noopener\"><span>VER EN GOOGLE EARTH<\/span><\/a><\/div>\n<\/div>\n<\/div><\/div><\/div>\n\n\n\n<div class=\"wp-block-gutenverse-column guten-element guten-column guten-8cgg18\"><div class=\"guten-background-overlay\"><\/div><div class=\"sticky-wrapper\" data-id=\"8cgg18\"><div class=\"guten-column-wrapper\">\n<div class=\"wp-block-gutenverse-image guten-element guten-image guten-7NUWV4\"><a class=\"guten-image-wrapper\" href=\"https:\/\/earth.google.com\/web\/@-32.1074615,-65.124529,599.54642377a,1778.83946928d,30y,0h,0t,0r\/data=MigKJgokCiAxWnBKd0tqYWVXRUUxYktmNUpIazltWnBfMkwtS3pvQSAC\" target=\"_blank\" rel=\"noreferrer noopener\"><img loading=\"lazy\" decoding=\"async\" class=\"gutenverse-image-box-filled\" src=\"https:\/\/luyabadesarrollos.com\/soldeluyaba\/wp-content\/uploads\/sites\/5\/2024\/01\/G-Earth-xs.jpg\" height=\"253\" width=\"450\"\/><\/a><\/div>\n<\/div><\/div><\/div>\n<\/div><\/section><\/div>\n","protected":false},"excerpt":{"rendered":"","protected":false},"author":3,"featured_media":0,"parent":0,"menu_order":0,"comment_status":"closed","ping_status":"closed","template":"","meta":{"om_disable_all_campaigns":false,"_monsterinsights_skip_tracking":false,"_monsterinsights_sitenote_active":false,"_monsterinsights_sitenote_note":"","_monsterinsights_sitenote_category":0,"footnotes":""},"class_list":["post-1286","page","type-page","status-publish","hentry"],"aioseo_notices":[],"_links":{"self":[{"href":"https:\/\/luyabadesarrollos.com\/soldeluyaba\/wp-json\/wp\/v2\/pages\/1286","targetHints":{"allow":["GET"]}}],"collection":[{"href":"https:\/\/luyabadesarrollos.com\/soldeluyaba\/wp-json\/wp\/v2\/pages"}],"about":[{"href":"https:\/\/luyabadesarrollos.com\/soldeluyaba\/wp-json\/wp\/v2\/types\/page"}],"author":[{"embeddable":true,"href":"https:\/\/luyabadesarrollos.com\/soldeluyaba\/wp-json\/wp\/v2\/users\/3"}],"replies":[{"embeddable":true,"href":"https:\/\/luyabadesarrollos.com\/soldeluyaba\/wp-json\/wp\/v2\/comments?post=1286"}],"version-history":[{"count":34,"href":"https:\/\/luyabadesarrollos.com\/soldeluyaba\/wp-json\/wp\/v2\/pages\/1286\/revisions"}],"predecessor-version":[{"id":1772,"href":"https:\/\/luyabadesarrollos.com\/soldeluyaba\/wp-json\/wp\/v2\/pages\/1286\/revisions\/1772"}],"wp:attachment":[{"href":"https:\/\/luyabadesarrollos.com\/soldeluyaba\/wp-json\/wp\/v2\/media?parent=1286"}],"curies":[{"name":"wp","href":"https:\/\/api.w.org\/{rel}","templated":true}]}}